{"id":169,"date":"2025-11-30T08:06:22","date_gmt":"2025-11-30T07:06:22","guid":{"rendered":"https:\/\/pozytywna-wibracja.pl\/?page_id=169"},"modified":"2026-02-23T08:07:03","modified_gmt":"2026-02-23T07:07:03","slug":"zatrzymaj-sie","status":"publish","type":"page","link":"https:\/\/pozytywna-wibracja.pl\/?page_id=169","title":{"rendered":"Zatrzymaj si\u0119"},"content":{"rendered":"\n<p><strong>Zachowaj spok\u00f3j i dobry humor.<\/strong><\/p>\n\n\n\n<figure class=\"wp-block-image aligncenter size-large\"><img loading=\"lazy\" decoding=\"async\" width=\"1024\" height=\"768\" src=\"https:\/\/pozytywna-wibracja.pl\/wp-content\/uploads\/2025\/11\/P6180452-1024x768.jpg\" alt=\"\" class=\"wp-image-114\" srcset=\"https:\/\/pozytywna-wibracja.pl\/wp-content\/uploads\/2025\/11\/P6180452-1024x768.jpg 1024w, https:\/\/pozytywna-wibracja.pl\/wp-content\/uploads\/2025\/11\/P6180452-300x225.jpg 300w, https:\/\/pozytywna-wibracja.pl\/wp-content\/uploads\/2025\/11\/P6180452-768x576.jpg 768w, https:\/\/pozytywna-wibracja.pl\/wp-content\/uploads\/2025\/11\/P6180452-1536x1152.jpg 1536w, https:\/\/pozytywna-wibracja.pl\/wp-content\/uploads\/2025\/11\/P6180452-2048x1536.jpg 2048w\" sizes=\"auto, (max-width: 1024px) 100vw, 1024px\" \/><figcaption class=\"wp-element-caption\">  <\/figcaption><\/figure>\n\n\n\n<p><strong>Nie po\u015bwi\u0119caj uwagi na to, co \u017ale na Ciebie wp\u0142ywa. Skieruj swoj\u0105 uwag\u0119 na to, co jest pozytywne, co lubisz robi\u0107 lub to, co chcesz robi\u0107. Najlepiej zaj\u0105\u0107 si\u0119 czym\u015b.<\/strong><\/p>\n\n\n\n<figure class=\"wp-block-image aligncenter size-large\"><img loading=\"lazy\" decoding=\"async\" width=\"1024\" height=\"768\" src=\"https:\/\/pozytywna-wibracja.pl\/wp-content\/uploads\/2025\/11\/P6170363-1024x768.jpg\" alt=\"\" class=\"wp-image-172\" srcset=\"https:\/\/pozytywna-wibracja.pl\/wp-content\/uploads\/2025\/11\/P6170363-1024x768.jpg 1024w, https:\/\/pozytywna-wibracja.pl\/wp-content\/uploads\/2025\/11\/P6170363-300x225.jpg 300w, https:\/\/pozytywna-wibracja.pl\/wp-content\/uploads\/2025\/11\/P6170363-768x576.jpg 768w, https:\/\/pozytywna-wibracja.pl\/wp-content\/uploads\/2025\/11\/P6170363-1536x1152.jpg 1536w, https:\/\/pozytywna-wibracja.pl\/wp-content\/uploads\/2025\/11\/P6170363-2048x1536.jpg 2048w\" sizes=\"auto, (max-width: 1024px) 100vw, 1024px\" \/><figcaption class=\"wp-element-caption\">   <\/figcaption><\/figure>\n\n\n\n<p><strong>Wyznacz sobie cele w \u017cyciu i zmierzaj do ich osi\u0105gni\u0119cia. Czytaj ksi\u0105\u017cki, ucz si\u0119, \u0107wicz cia\u0142o i umys\u0142. Nie spiesz si\u0119, b\u0105d\u017a cierpliwy. Zwracaj uwag\u0119 na ka\u017cd\u0105 chwil\u0119. Ciesz si\u0119 \u017cyciem.<\/strong><br><br><strong>Powr\u00f3t<\/strong> <a href=\"https:\/\/pozytywna-wibracja.pl\/\">https:\/\/pozytywna-wibracja.pl\/<\/a><\/p>\n","protected":false},"excerpt":{"rendered":"<p>Zachowaj spok\u00f3j i dobry humor. Nie po\u015bwi\u0119caj uwagi na to, co \u017ale na Ciebie wp\u0142ywa. Skieruj swoj\u0105 uwag\u0119 na to, co jest pozytywne, co lubisz robi\u0107 lub to, co chcesz robi\u0107. Najlepiej zaj\u0105\u0107 si\u0119 czym\u015b. Wyznacz sobie cele w \u017cyciu i zmierzaj do ich osi\u0105gni\u0119cia. Czytaj ksi\u0105\u017cki, ucz si\u0119, \u0107wicz cia\u0142o i umys\u0142. Nie spiesz [&hellip;]<\/p>\n","protected":false},"author":1,"featured_media":0,"parent":0,"menu_order":0,"comment_status":"closed","ping_status":"closed","template":"","meta":{"footnotes":""},"class_list":["post-169","page","type-page","status-publish","hentry"],"_links":{"self":[{"href":"https:\/\/pozytywna-wibracja.pl\/index.php?rest_route=\/wp\/v2\/pages\/169","targetHints":{"allow":["GET"]}}],"collection":[{"href":"https:\/\/pozytywna-wibracja.pl\/index.php?rest_route=\/wp\/v2\/pages"}],"about":[{"href":"https:\/\/pozytywna-wibracja.pl\/index.php?rest_route=\/wp\/v2\/types\/page"}],"author":[{"embeddable":true,"href":"https:\/\/pozytywna-wibracja.pl\/index.php?rest_route=\/wp\/v2\/users\/1"}],"replies":[{"embeddable":true,"href":"https:\/\/pozytywna-wibracja.pl\/index.php?rest_route=%2Fwp%2Fv2%2Fcomments&post=169"}],"version-history":[{"count":19,"href":"https:\/\/pozytywna-wibracja.pl\/index.php?rest_route=\/wp\/v2\/pages\/169\/revisions"}],"predecessor-version":[{"id":412,"href":"https:\/\/pozytywna-wibracja.pl\/index.php?rest_route=\/wp\/v2\/pages\/169\/revisions\/412"}],"wp:attachment":[{"href":"https:\/\/pozytywna-wibracja.pl\/index.php?rest_route=%2Fwp%2Fv2%2Fmedia&parent=169"}],"curies":[{"name":"wp","href":"https:\/\/api.w.org\/{rel}","templated":true}]}}